et x(r) = -5*r - 2. Let q(k) = -9*x(k) - 4*y(k). Determine q(p).
1
Let v(d) = -359*d**2 - 4 + 0 - 348*d**2 + 2*d - 2 + 708*d**2. Suppose -20 = -r + 2*q - 5*q, -4*r - q = -25. Suppose -r = 5*g + 20. Determine v(g).
9
Let z(a) be the first derivative of a**2/2 - 6*a + 1471. Give z(-1).
-7
Let b(k) = k**3 - 6*k**2 - 17*k + 11. Let n be 28*(170/35)/17. What is b(n)?
3
Let n(m) be the first derivative of 3*m**2/2 + 154*m + 6592. Determine n(-36).
46
Let s be 3 - (-1 + 5 - 7). Let v(g) = -g**3 + 3*g**2 + 19*g - 3. What is v(s)?
3
Let x(a) = 2*a**3 + a**2 + a + 1. Let n be 0 - (7 + -12) - (0 + 2). Suppose -6*y + 162 = n*y. Suppose -11*o - y = -7. Determine x(o).
-1
Suppose -4*d + 152 = 156. Let f be d*((-8)/12 + (-68)/(-12)). Let j(i) = -i**3 - 5*i**2 + 2. Give j(f).
2
Let n(q) = -5 + 37 - 15 + q. Determine n(-16).
1
Let m(d) = 122*d + 9. Let h(y) = -13*y. Let a(x) = 6*h(x) + m(x). What is a(-2)?
-79
Let r(l) = 16*l + 59. Let f(x) = -115*x - 421. Let z(a) = -6*f(a) - 43*r(a). Let b(n) = -n**3 - 5*n**2 + 6*n + 6. Let q be b(-6). What is z(q)?
1
Let n(p) = -p**2 - 7*p - 7. Let d(r) = 4*r + 5. Let c be d(2). Let z(b) = 2*b + 2. Let m be z(5). Suppose -m - c = 5*l. Determine n(l).
3
Let u(x) be the second derivative of -x**6/360 - x**5/30 - x**4/12 - 9*x**3/2 - x**2/2 - 57*x. Let j(h) be the second derivative of u(h). Calculate j(-2).
2
Let s(k) = -21*k - 2. Let h(u) = 121*u + 153. Let v(a) = h(a) + 4*s(a). Give v(-4).
-3
Let f = 2 - 0. Let v(p) be the second derivative of -p**6/360 + p**5/60 - p**4/12 - 119*p**3/3 + 163*p. Let a(m) be the second derivative of v(m). Give a(f).
-2
Let l = 10 - 9. Let w(q) = q**3 + q**2 + q + 1. Let i(j) = -3*j**3 - 3*j - 1. Let t(f) = -i(f) - 2*w(f). Determine t(l).
-1
Let y(n) = -18*n + 130. Let f(m) = -9*m + 60. Let z(v) = 13*f(v) - 6*y(v). Calculate z(-6).
54
Let h(a) = 8*a - 7. Suppose -y - 3*c - 9 = 0, -5*c + 50 + 46 = 14*y. Give h(y).
65
Suppose 541*k - 288 = 589*k. Let m(n) = n**3 + 8*n**2 + 11*n - 2. What is m(k)?
4
Let x(u) = u**3 + 7*u**2 + 5*u + 4. Let j be (-2)/18 - (4060/45)/7. Let w(m) = -2*m**3 - 25*m**2 + 18*m + 62. Let a be w(j). Give x(a).
25
Let t(m) = 4*m**2 + 11*m - 7. Let p(i) = -5*i**2 - 12*i + 8. Let d(z) = 5*p(z) + 6*t(z). Let f(l) = 5*l**2 + 419*l + 418. Let k be f(-1). Give d(k).
6
Let v(m) = 3*m - 41. Let o = 2347 + -2333. Determine v(o).
1
Let f(a) = -a**3 + 25*a**2 - 33*a + 215. Let x be f(24). Let g(n) = 14*n + 11. What is g(x)?
-3
Suppose -4*y + 3*h = -49, -27*y - 7 = -31*y - 3*h. Let l(z) = -22*z + 174. Calculate l(y).
20
Let l(c) = c**3 + 13*c**2 + 2*c + 3. Suppose 40 = -4*b + 3*g, -5*b - 85*g = -88*g + 53. Give l(b).
-23
Let z = 467 - 484. Let r(n) = n**2 + 27*n + 174. Let f be r(z). Let a(i) = -i**3 + i**2 + 2*i - 3. Determine a(f).
-43
Let r(n) be the second derivative of 1/6*n**3 - 2*n + 1/6*n**4 - 5 - 2*n**2. What is r(-4)?
24
Let j(a) = 9*a + 99. Let w(t) = -25*t - 268. Let c(s) = 8*j(s) + 3*w(s). Determine c(-23).
57
Let g(b) = -b + 1171 + 1172 - 2349. What is g(-5)?
-1
Suppose -8*p + 4*p + 8 = 0. Let r(c) = 30 - 5*c**p - c**2 + c**3 - 8*c - 29. Suppose 43 = 8*u - 13. Give r(u).
-6
Let n = 11 + 0. Let h(w) be the third derivative of w**5/60 - w**4/2 + w**3/6 - 2*w**2 + 23*w. Give h(n).
-10
Let h(t) be the first derivative of 3*t**2/2 - t + 92. What is h(7)?
20
Let r(k) = -46*k**2 + 56 - 19 - 3*k - 17 - 18. Determine r(1).
-47
Let x(f) = -25*f**3 + 3*f**2 - 3*f - 9. Let z(p) = -4*p**3 - p**2 + p - 2. Let h(c) = x(c) - 6*z(c). Calculate h(4).
47
Let f(q) = 6*q**2 - 22*q + 28. Let h(v) = -1 - 68*v**2 + 138*v**2 + v - 71*v**2. Let s(l) = -f(l) - 5*h(l). Calculate s(16).
-7
Let c(k) = 11*k + 13. Let y be c(-1). Let w(d) = 7*d + 17. Let h(a) = 3*a + 7. Let x(b) = y*w(b) - 5*h(b). Determine x(-9).
8
Let j(d) be the second derivative of -d**5/20 + 2*d**4/3 - 2*d**3/3 + 11*d**2/2 + 3*d + 48. Calculate j(8).
-21
Let s(c) be the first derivative of 2*c**2 + 9*c - 598. Determine s(-3).
-3
Suppose -6 = -2*f - 2*l - l, 8 = 2*l. Let q be (4 - 3)*(f - -2). Let a(y) = 6*y - 1. What is a(q)?
-7
Let j = 46 - 28. Suppose 48 = 5*z + j. Let m(c) = -26*c + 5 + 70*c + c**2 - 31*c - 19*c. Give m(z).
5
Let b(o) = -13*o**3 - 75*o**2 - 14*o + 34. Let v(y) = -16*y**3 - 93*y**2 - 17*y + 43. Let h(i) = 11*b(i) - 9*v(i). Let n be 30*3*8/(-60). What is h(n)?
-1
Let c = -10288 - -10290. Let b(d) = -47*d + 99. Determine b(c).
5
Suppose 0 = n + 8 - 7. Let z(g) be the second derivative of 3*g**5/10 - 3*g - 6. Give z(n).
-6
Let v(r) be the first derivative of -r**2 - 6*r - 12. Let h(c) = 2*c + 7. Let j(z) = 4*h(z) + 3*v(z). Calculate j(-5).
0
Let g(h) = 23*h + 362. Let k(o) = -25. Let d(v) = g(v) + 13*k(v). What is d(-2)?
-9
Let k(f) = 44 + 22*f + 63 - 106 - 28*f. Let m(t) = t**2 + t + 1. Let q be m(0). Calculate k(q).
-5
Let y(j) be the third derivative of j**5/10 + 17*j**4/24 + 5*j**3 + 97*j**2. Let f(u) = -5*u**2 - 17*u - 29. Let o(a) = 7*f(a) + 6*y(a). Determine o(18).
-5
Let a(i) be the second derivative of i**5/20 + 7*i**4/6 - 2*i**3 + 37*i**2/2 - i + 3134. Give a(-15).
-8
Let z be 22/6 + 2*15/(-18). Suppose 12*v - 13*v + z = 0. Let m(j) = -6*j**2 + 2*j + 1. What is m(v)?
-19
Let k = -9299 - -9301. Let s(a) = 11*a - 8. Give s(k).
14
Let i = 287 + 133. Suppose 0*t - 5*t + i = 0. Let p = t + -89. Let n(g) = -g**2 - 6*g - 7. Give n(p).
-2
Let a(t) be the second derivative of -t**7/2520 + t**6/120 - 7*t**5/120 + 73*t**4/12 + 17*t. Let y(i) be the third derivative of a(i). What is y(5)?
-2
Let d(n) = -n**2 - 3*n + 3. Let o(z) = -3*z + z + 28 - 65 - 2*z. Let h be 4/(-10) - (-864)/(-90). Let m be o(h). Determine d(m).
-15
Let j(p) = p + 13. Let y(h) = -11*h - 2. Let i be y(-1). Suppose -10 = -i*f - 10. What is j(f)?
13
Let t be (7 - 6)/(2/(-8)). Let q be (5/t)/(5/(-60)). Let j(g) = -13*g - 2 - q*g + 24*g. Calculate j(-2).
6
Let g be 19 - -26 - 1*(-5)/((-35)/(-14)). Let n(o) be the first derivative of 1/2*o**2 - 1/4*o**4 + 4*o + g + 0*o**3. Calculate n(0).
4
Suppose 2*f = -f + d - 6, 6 = f - 3*d. Let k be 4131/36 - f/(-4). Let m be (k/(-133))/(-1 + 12/14). Let u(j) = -j**3 + 7*j**2 - 8*j - 4. Give u(m).
-16
Let s(o) = -o + 3. Let t(x) = -9*x**3 - 4*x**2 - 3*x + 3. Let b be t(-3). Let h be b/5 + 3/15. Let n = h - 48. Calculate s(n).
7
Let b(o) be the third derivative of 0 + 1/8*o**4 + 0*o**3 + 0*o + 117*o**2. What is b(-2)?
-6
Let u(b) = b**3 - 17*b**2 - 18*b - 1. Let c be u(18). Let n(a) = -4*a**2 - 4*a**2 - 6 - 2*a + 6*a**2 + 5 + 16*a**2. Calculate n(c).
15
Let r be (-2)/1*2 + (68 - 35) + -39. Let c(v) = 5*v**2 + 53*v + 22. Calculate c(r).
-8
Let j = 63 + -75. Let p be j*(-2)/20*(-10)/4. Let v(z) = z + 12 - 9 + 4*z. Determine v(p).
-12
Let n(k) = k**3 + 10*k**2 - 9*k - 13. Suppose -j - 5*b + 39 = 0, -2*b + 7 = j - 17. Let c(y) = y**2 - 13*y - 25. Let z be c(j). Give n(z).
-35
Let d(r) = -3*r - 17. Let p be d(-10). Let x(f) = -p*f - 20 + 13*f**2 - 4*f**3 + 10 + 13 + 3*f**3. Determine x(12).
-9
Let k(d) = -33*d - 2241. Let s be k(-68). Let j(w) = -w**2 + 5*w + 5. Give j(s).
11
Let r(s) = 5*s**2 - 6 + 3*s**2 - 4*s**2 + 3*s**2 + 3*s - 8*s**2. Determine r(5).
-16
Let q(t) = 3*t**2 - 3*t + 2. Let b be q(2). Suppose -5*c = -10*c + 15. Let o(s) = 6*s**3 - 8*s + 9*s**2 - 3*s**3 + 2*s**3 - 6*s**c - 3. Determine o(b).
-3
Suppose 0*h + 60 = -6*h. Let g = -12 - h. Let c(b) = -396*b + 132*b + 129*b + 1 + 2*b**3 + 2*b**2 + 134*b. Calculate c(g).
-5
Suppose -142*o + 1 = -143*o. Let v(p) = 8*p**3 + p**2. Let x be v(o). Let q(c) = -c - 17. What is q(x)?
-10
Let q(h) = 201 + 3*h - h**2 - 67 - 9*h**3 - 65 - 70. Determine q(1).
-8
Let n(t) = 9*t**3 + 4*t**2 + t - 6. Let b(d) = 25*d**3 + 11*d**2 + 3*d - 17. Let v = 474 + -478. Let j(p) = v*b(p) + 11*n(p). Determine j(-2).
12
Let y(s) = s**2 - 14*s + 30. Let o be y(12). Let i(d) = 0*d + 7*d**3 - 8*d**3 + 4*d**2 + 0*d**2 - o + 4*d. What is i(5)?
-11
Let y(g) = -24 + 0 + 17 + 21*g + 20. Let m(l) = 4*l + 2. Let x(v) = 5*m(v) - y(v). Give x(-6).
3
Let d(f) be the third derivative of f**5/60 - 7*f**4/8 + 40*f**3/3 - f**2 - 1206*f. Determine d(5).
0
Suppose 4*w = 5*o + 360, -5*w - o + 275 = -175. Let i = w - 88. Let b(y) = 7*y**i - 49 - 46 - 2*y**3 + y**3 + 92 - y. Calculate b(7).
-10
Let t(i) = 5*i**2 + i + 20*i**2 + 22*i**2 + i**3 - 37*i**2 + 3 + 7*i. Give t(-8).
67
Let l(i) = 2*i + 10. Let 